8216?
9
What is the greatest common factor of 1252 and 440?
4
What is the highest common divisor of 4 and 47?
1
Calculate the greatest common factor of 55777 and 289.
289
Calculate the highest common factor of 21336 and 6.
6
What is the greatest common factor of 64614 and 83490?
726
What is the highest common divisor of 2073 and 18248619?
2073
Calculate the highest common factor of 30 and 1133820.
30
What is the greatest common divisor of 5110 and 210?
70
What is the greatest common divisor of 7 and 68446?
7
What is the greatest common factor of 2242885 and 885?
295
Calculate the greatest common factor of 1576 and 130414.
394
Calculate the greatest common divisor of 2485 and 30205.
35
What is the highest common factor of 14709042 and 36?
18
Calculate the highest common factor of 5180721 and 39.
39
Calculate the highest common divisor of 162158 and 22775.
911
Calculate the highest common factor of 39321 and 901.
17
What is the highest common divisor of 4652240 and 10?
10
What is the greatest common divisor of 8 and 333176?
8
What is the highest common factor of 3444 and 39333?
21
Calculate the greatest common divisor of 569586 and 236.
118
Calculate the greatest common factor of 12 and 1191.
3
What is the highest common factor of 33 and 2523939?
33
What is the highest common divisor of 1405 and 44117?
281
What is the highest common divisor of 97 and 114?
1
Calculate the greatest common divisor of 79547 and 1131.
377
What is the highest common divisor of 492284 and 208?
52
What is the greatest common divisor of 7723 and 2?
1
Calculate the greatest common divisor of 952 and 15400.
56
What is the highest common divisor of 330 and 15490?
10
Calculate the highest common factor of 122 and 30622.
122
Calculate the highest common factor of 102990 and 630.
30
What is the greatest common divisor of 7030 and 760?
190
Calculate the greatest common factor of 5 and 372460.
5
What is the highest common factor of 1022864 and 16?
16
What is the greatest common factor of 81508 and 410?
82
Calculate the greatest common factor of 167997 and 174.
87
Calculate the greatest common divisor of 4913 and 17.
17
Calculate the highest common factor of 1130 and 2660.
10
What is the greatest common divisor of 13495 and 50?
5
Calculate the greatest common divisor of 33711 and 2040.
51
Calculate the greatest common factor of 397463 and 253.
253
Calculate the highest common factor of 1 and 1176811.
1
What is the greatest common factor of 700 and 100?
100
What is the highest common factor of 124468 and 2523?
841
What is the highest common divisor of 1939485 and 2151?
717
Calculate the highest common factor of 2895322 and 2.
2
Calculate the greatest common divisor of 5229 and 485799.
249
Calculate the greatest common factor of 40 and 33688.
8
What is the greatest common divisor of 14875 and 71519?
119
What is the greatest common factor of 218205 and 15?
15
What is the highest common divisor of 1173245 and 1844?
461
Calculate the highest common factor of 1073 and 49097.
29
What is the highest common factor of 200 and 61175?
25
What is the highest common factor of 9950 and 1150?
50
Calculate the highest common divisor of 44488 and 402.
134
What is the highest common factor of 3805 and 405?
5
Calculate the highest common divisor of 36 and 30003.
3
What is the highest common divisor of 119 and 9826?
17
What is the greatest common divisor of 2852 and 1564?
92
Calculate the greatest common divisor of 10 and 26545.
5
Calculate the highest common divisor of 14499 and 4296.
537
What is the greatest common factor of 154934 and 3434?
202
What is the greatest common divisor of 5188564 and 87?
29
What is the greatest common divisor of 29744 and 100724?
676
What is the highest common factor of 34299 and 5328?
333
What is the greatest common factor of 86472 and 4?
4
Calculate the highest common factor of 68082 and 462.
42
Calculate the highest common factor of 511575 and 25.
25
What is the highest common divisor of 5080 and 620?
20
What is the greatest common factor of 4125 and 9?
3
What is the greatest common factor of 589743 and 189?
63
Calculate the highest common factor of 91364 and 84.
28
Calculate the greatest common divisor of 192 and 8148.
12
Calculate the highest common factor of 396 and 704.
44
Calculate the greatest common factor of 90016 and 1358.
194
Calculate the greatest common divisor of 18 and 3732.
6
Calculate the highest common divisor of 16544 and 50149.
517
Calculate the greatest common divisor of 1003 and 227917.
59
Calculate the greatest common divisor of 95677 and 241.
241
What is the greatest common factor of 1330 and 2?
2
Calculate the highest common factor of 97980 and 142.
142
What is the greatest common factor of 285 and 2109?
57
What is the highest common divisor of 273 and 26403?
39
What is the greatest common factor of 61399 and 52?
13
What is the highest common divisor of 2728 and 4576?
88
Calculate the greatest common divisor of 99960 and 255.
255
What is the greatest common divisor of 704 and 11792?
176
Calculate the greatest common factor of 1227 and 273.
3
Calculate the greatest common factor of 23234 and 66.
2
What is the highest common divisor of 209824 and 1106?
158
What is the highest common factor of 30887 and 201?
67
What is the greatest common factor of 1568 and 7742?
98
What is the greatest common factor of 2318 and 494?
38
What is the greatest common divisor of 545917 and 2?
1
What is the highest common divisor of 926305 and 1145?
1145
Calculate the highest common divisor of 7389 and 63.
9
What is the highest common factor of 132 and 737?
11
What is the greatest common divisor of 433000 and 433?
433
Calculate the greatest common factor of 575 and 22655.
115
What is the greatest common factor of 1367780 and 20?
20
Calculate the highest common divisor of 14634 and 162.
54
Calculate the greatest common divisor of 67827 and 1587.
69
Calculate the greatest common factor of 65219 and 343.
49
What is the greatest common factor of 13452 and 242844?
708
What is the greatest common divisor of 68648 and 8?
8
What is the highest common factor of 85 and 415?
5
What is the greatest common divisor of 5 and 91255?
5
What is the greatest common divisor of 442 and 3796?
26
What is the greatest common factor of 2295 and 293301?
459
What is the highest common factor of 162 and 60318?
54
Calculate the highest common divisor of 891 and 273537.
891
Calculate the greatest common divisor of 10 and 338.
2
What is the highest common divisor of 569982 and 28?
14
What is the greatest common divisor of 6885 and 1189890?
405
Calculate the greatest common factor of 30736 and 213344.
1808
Calculate the highest common factor of 77742 and 336.
42
What is the greatest common factor of 30 and 57765?
15
What is the greatest common factor of 975 and 1521?
39
Calculate the highest common divisor of 196422 and 171.
57
What is the highest common divisor of 1043 and 28?
7
What is the greatest common divisor of 84 and 16548?
84
What is the highest common factor of 3706 and 2725?
109
Calculate the highest common divisor of 1806 and 476483.
301
What is the greatest common factor of 461857 and 847?
121
Calculate the highest common factor of 56 and 1696.
8
Calculate the highest common factor of 319 and 229303.
29
Calculate the highest common divisor of 24200 and 10600.
200
What is the highest common factor of 1602 and 26878?
178
What is the highest common divisor of 73134 and 11934?
306
Calculate the greatest common divisor of 285252 and 440.
44
Calculate the greatest common divisor of 6512356 and 1798.
1798
What is the greatest common factor of 173968 and 524?
524
Calculate the greatest common factor of 872433 and 186.
93
Calculate the highest common factor of 155 and 77996.
31
What is the greatest common factor of 670 and 5709070?
670
Calculate the greatest common divisor of 4942 and 126.
14
What is the highest common factor of 69551 and 157?
157
Calculate the greatest common divisor of 630 and 2555.
35
Calculate the highest common factor of 1000 and 2249500.
500
What is the highest common divisor of 37149 and 3045?
609
Calculate the greatest common factor of 75860 and 40.
20
What is the greatest common divisor of 120 and 160770?
30
What is the greatest common divisor of 66823 and 171?
19
